{"id":4653,"date":"2020-04-02T17:44:32","date_gmt":"2020-04-02T17:44:32","guid":{"rendered":"https:\/\/qtour.org\/?page_id=4653"},"modified":"2021-11-21T19:36:45","modified_gmt":"2021-11-21T19:36:45","slug":"umijece-saranja-tikvica","status":"publish","type":"page","link":"https:\/\/qtour.org\/fr\/virtualni-postav-muzej-zupanja\/umijece-saranja-tikvica\/","title":{"rendered":"Umije\u0107e \u0161aranja tikvica"},"content":{"rendered":"\t\t<div data-elementor-type=\"wp-page\" data-elementor-id=\"4653\" class=\"elementor elementor-4653\">\n\t\t\t\t\t\t<section class=\"elementor-section elementor-top-section elementor-element elementor-element-3890652 elementor-section-boxed elementor-section-height-default elementor-section-height-default\" data-id=\"3890652\" data-element_type=\"section\">\n\t\t\t\t\t\t<div class=\"elementor-container elementor-column-gap-default\">\n\t\t\t\t\t<div class=\"elementor-column elementor-col-100 elementor-top-column elementor-element elementor-element-3511dbd\" data-id=\"3511dbd\" data-element_type=\"column\" data-settings=\"{&quot;background_background&quot;:&quot;classic&quot;}\">\n\t\t\t<div class=\"elementor-widget-wrap elementor-element-populated\">\n\t\t\t\t\t\t<div class=\"elementor-element elementor-element-d6cb4bb elementor-widget elementor-widget-heading\" data-id=\"d6cb4bb\" data-element_type=\"widget\" data-widget_type=\"heading.default\">\n\t\t\t\t<div class=\"elementor-widget-container\">\n\t\t\t\t\t<h2 class=\"elementor-heading-title elementor-size-default\">Umije\u0107e \u0161aranja tikvica\n<\/h2>\t\t\t\t<\/div>\n\t\t\t\t<\/div>\n\t\t\t\t<div class=\"elementor-element elementor-element-2879bf9 elementor-widget elementor-widget-text-editor\" data-id=\"2879bf9\" data-element_type=\"widget\" data-widget_type=\"text-editor.default\">\n\t\t\t\t<div class=\"elementor-widget-container\">\n\t\t\t\t\t\t\t\t\t<p>\u0160aranje tikvica autohtono je narodno umije\u0107e specifi\u010dno za Slavoniju. Od 2007. godine registrirano je i za\u0161ti\u0107eno nematerijalno dobro Republike Hrvatske.<br \/>U ovoj izlo\u017ebenoj vitrini izlo\u017eene su \u0161arane tikvice i alat za \u0161aranje.<\/p>\t\t\t\t\t\t\t\t<\/div>\n\t\t\t\t<\/div>\n\t\t\t\t<div class=\"elementor-element elementor-element-aebf88c elementor-widget elementor-widget-video\" data-id=\"aebf88c\" data-element_type=\"widget\" data-settings=\"{&quot;youtube_url&quot;:&quot;https:\\\/\\\/www.youtube.com\\\/watch?v=XgtOGkaI2ss&quot;,&quot;video_type&quot;:&quot;youtube&quot;,&quot;controls&quot;:&quot;yes&quot;}\" data-widget_type=\"video.default\">\n\t\t\t\t<div class=\"elementor-widget-container\">\n\t\t\t\t\t\t\t<div class=\"elementor-wrapper elementor-open-inline\">\n\t\t\t<div class=\"elementor-video\"><\/div>\t\t<\/div>\n\t\t\t\t\t\t<\/div>\n\t\t\t\t<\/div>\n\t\t\t\t<div class=\"elementor-element elementor-element-3971c29 elementor-widget elementor-widget-text-editor\" data-id=\"3971c29\" data-element_type=\"widget\" data-widget_type=\"text-editor.default\">\n\t\t\t\t<div class=\"elementor-widget-container\">\n\t\t\t\t\t\t\t\t\t<p>Kada je i tko usjekao prve motive na tikvici, jo\u0161 uvijek nije poznato. Neki podaci upu\u0107uju na pastire (\u201e\u010dobane\u201c) koji su u plodu tikve \u010duvali vodu ili rakiju. \u0160aranje tikvica na podru\u010dju \u017eupanjske Posavine zapo\u010delo je koncem 19. stolje\u0107a. To\u010dnije, 1881. godine tikvice \u0161araju u Drenovcima, Babinoj Gredi, Gradi\u0161tu, Soljanima, \u017dupanji, a ne\u0161to kasnije i u \u0160titaru.<\/p>\t\t\t\t\t\t\t\t<\/div>\n\t\t\t\t<\/div>\n\t\t\t\t<div class=\"elementor-element elementor-element-17436d3 elementor-widget elementor-widget-video\" data-id=\"17436d3\" data-element_type=\"widget\" data-settings=\"{&quot;youtube_url&quot;:&quot;https:\\\/\\\/www.youtube.com\\\/watch?v=DnEpKme8JEU&quot;,&quot;video_type&quot;:&quot;youtube&quot;,&quot;controls&quot;:&quot;yes&quot;}\" data-widget_type=\"video.default\">\n\t\t\t\t<div class=\"elementor-widget-container\">\n\t\t\t\t\t\t\t<div class=\"elementor-wrapper elementor-open-inline\">\n\t\t\t<div class=\"elementor-video\"><\/div>\t\t<\/div>\n\t\t\t\t\t\t<\/div>\n\t\t\t\t<\/div>\n\t\t\t\t<div class=\"elementor-element elementor-element-677fc78 elementor-widget elementor-widget-text-editor\" data-id=\"677fc78\" data-element_type=\"widget\" data-widget_type=\"text-editor.default\">\n\t\t\t\t<div class=\"elementor-widget-container\">\n\t\t\t\t\t\t\t\t\t<p>Na tikvicama se naj\u010de\u0161\u0107e pronalaze floralni motivi, li\u0161\u0107e, hrastov list, \u017eir, bobice gloga, a od \u017eivotinjskih jelen, srna i ptica.<\/p>\t\t\t\t\t\t\t\t<\/div>\n\t\t\t\t<\/div>\n\t\t\t\t<div class=\"elementor-element elementor-element-f4d2f16 elementor-view-default elementor-widget elementor-widget-icon\" data-id=\"f4d2f16\" data-element_type=\"widget\" data-widget_type=\"icon.default\">\n\t\t\t\t<div class=\"elementor-widget-container\">\n\t\t\t\t\t\t\t<div class=\"elementor-icon-wrapper\">\n\t\t\t<a class=\"elementor-icon\" href=\"https:\/\/qtour.org\/virtualni-postav-muzej-zupanja\/2d-izlozba\/#izlozba-10\">\n\t\t\t<i aria-hidden=\"true\" class=\"fas fa-long-arrow-alt-left\"><\/i>\t\t\t<\/a>\n\t\t<\/div>\n\t\t\t\t\t\t<\/div>\n\t\t\t\t<\/div>\n\t\t\t\t<div class=\"elementor-element elementor-element-0317e31 elementor-widget elementor-widget-text-editor\" data-id=\"0317e31\" data-element_type=\"widget\" data-widget_type=\"text-editor.default\">\n\t\t\t\t<div class=\"elementor-widget-container\">\n\t\t\t\t\t\t\t\t\t<p><a href=\"https:\/\/qtour.org\/virtualni-postav-muzej-zupanja\/2d-izlozba\/#izlozba-10\">NATRAG<\/a><\/p>\t\t\t\t\t\t\t\t<\/div>\n\t\t\t\t<\/div>\n\t\t\t\t\t<\/div>\n\t\t<\/div>\n\t\t\t\t\t<\/div>\n\t\t<\/section>\n\t\t\t\t<\/div>\n\t\t","protected":false},"excerpt":{"rendered":"<p>Umije\u0107e \u0161aranja tikvica \u0160aranje tikvica autohtono je narodno umije\u0107e specifi\u010dno za Slavoniju. Od 2007. godine registrirano je i za\u0161ti\u0107eno nematerijalno dobro Republike Hrvatske.U ovoj izlo\u017ebenoj vitrini izlo\u017eene su \u0161arane tikvice i alat za \u0161aranje. https:\/\/www.youtube.com\/watch?v=XgtOGkaI2ss Kada je i tko usjekao prve motive na tikvici, jo\u0161 uvijek nije poznato. Neki podaci upu\u0107uju na pastire (\u201e\u010dobane\u201c) koji&hellip;&nbsp;<a href=\"https:\/\/qtour.org\/fr\/virtualni-postav-muzej-zupanja\/umijece-saranja-tikvica\/\" class=\"\" rel=\"bookmark\">Read More &raquo;<span class=\"screen-reader-text\">Umije\u0107e \u0161aranja tikvica<\/span><\/a><\/p>\n","protected":false},"author":1,"featured_media":0,"parent":4358,"menu_order":0,"comment_status":"closed","ping_status":"closed","template":"elementor_header_footer","meta":{"footnotes":""},"tags":[],"folder":[9],"class_list":["post-4653","page","type-page","status-publish","hentry"],"_links":{"self":[{"href":"https:\/\/qtour.org\/fr\/wp-json\/wp\/v2\/pages\/4653","targetHints":{"allow":["GET"]}}],"collection":[{"href":"https:\/\/qtour.org\/fr\/wp-json\/wp\/v2\/pages"}],"about":[{"href":"https:\/\/qtour.org\/fr\/wp-json\/wp\/v2\/types\/page"}],"author":[{"embeddable":true,"href":"https:\/\/qtour.org\/fr\/wp-json\/wp\/v2\/users\/1"}],"replies":[{"embeddable":true,"href":"https:\/\/qtour.org\/fr\/wp-json\/wp\/v2\/comments?post=4653"}],"version-history":[{"count":0,"href":"https:\/\/qtour.org\/fr\/wp-json\/wp\/v2\/pages\/4653\/revisions"}],"up":[{"embeddable":true,"href":"https:\/\/qtour.org\/fr\/wp-json\/wp\/v2\/pages\/4358"}],"wp:attachment":[{"href":"https:\/\/qtour.org\/fr\/wp-json\/wp\/v2\/media?parent=4653"}],"wp:term":[{"taxonomy":"post_tag","embeddable":true,"href":"https:\/\/qtour.org\/fr\/wp-json\/wp\/v2\/tags?post=4653"},{"taxonomy":"folder","embeddable":true,"href":"https:\/\/qtour.org\/fr\/wp-json\/wp\/v2\/folder?post=4653"}],"curies":[{"name":"wp","href":"https:\/\/api.w.org\/{rel}","templated":true}]}}

Umijeće šaranja tikvica

<div data-elementor-type="wp-page" data-elementor-id="4653" class="elementor elementor-4653">
						<section class="elementor-section elementor-top-section elementor-element elementor-element-3890652 elementor-section-boxed elementor-section-height-default elementor-section-height-default" data-id="3890652" data-element_type="section">
						<div class="elementor-container elementor-column-gap-default">
					<div class="elementor-column elementor-col-100 elementor-top-column elementor-element elementor-element-3511dbd" data-id="3511dbd" data-element_type="column" data-settings="{&quot;background_background&quot;:&quot;classic&quot;}">
			<div class="elementor-widget-wrap elementor-element-populated">
						<div class="elementor-element elementor-element-d6cb4bb elementor-widget elementor-widget-heading" data-id="d6cb4bb" data-element_type="widget" data-widget_type="heading.default">
				<div class="elementor-widget-container">
					<h2 class="elementor-heading-title elementor-size-default">Umijeće šaranja tikvica
</h2>				</div>
				</div>
				<div class="elementor-element elementor-element-2879bf9 elementor-widget elementor-widget-text-editor" data-id="2879bf9" data-element_type="widget" data-widget_type="text-editor.default">
				<div class="elementor-widget-container">
									<p>Šaranje tikvica autohtono je narodno umijeće specifično za Slavoniju. Od 2007. godine registrirano je i zaštićeno nematerijalno dobro Republike Hrvatske.<br />U ovoj izložbenoj vitrini izložene su šarane tikvice i alat za šaranje.</p>								</div>
				</div>
				<div class="elementor-element elementor-element-aebf88c elementor-widget elementor-widget-video" data-id="aebf88c" data-element_type="widget" data-settings="{&quot;youtube_url&quot;:&quot;https:\/\/www.youtube.com\/watch?v=XgtOGkaI2ss&quot;,&quot;video_type&quot;:&quot;youtube&quot;,&quot;controls&quot;:&quot;yes&quot;}" data-widget_type="video.default">
				<div class="elementor-widget-container">
							<div class="elementor-wrapper elementor-open-inline">
			<div class="elementor-video"></div>		</div>
						</div>
				</div>
				<div class="elementor-element elementor-element-3971c29 elementor-widget elementor-widget-text-editor" data-id="3971c29" data-element_type="widget" data-widget_type="text-editor.default">
				<div class="elementor-widget-container">
									<p>Kada je i tko usjekao prve motive na tikvici, još uvijek nije poznato. Neki podaci upućuju na pastire („čobane“) koji su u plodu tikve čuvali vodu ili rakiju. Šaranje tikvica na području županjske Posavine započelo je koncem 19. stoljeća. Točnije, 1881. godine tikvice šaraju u Drenovcima, Babinoj Gredi, Gradištu, Soljanima, Županji, a nešto kasnije i u Štitaru.</p>								</div>
				</div>
				<div class="elementor-element elementor-element-17436d3 elementor-widget elementor-widget-video" data-id="17436d3" data-element_type="widget" data-settings="{&quot;youtube_url&quot;:&quot;https:\/\/www.youtube.com\/watch?v=DnEpKme8JEU&quot;,&quot;video_type&quot;:&quot;youtube&quot;,&quot;controls&quot;:&quot;yes&quot;}" data-widget_type="video.default">
				<div class="elementor-widget-container">
							<div class="elementor-wrapper elementor-open-inline">
			<div class="elementor-video"></div>		</div>
						</div>
				</div>
				<div class="elementor-element elementor-element-677fc78 elementor-widget elementor-widget-text-editor" data-id="677fc78" data-element_type="widget" data-widget_type="text-editor.default">
				<div class="elementor-widget-container">
									<p>Na tikvicama se najčešće pronalaze floralni motivi, lišće, hrastov list, žir, bobice gloga, a od životinjskih jelen, srna i ptica.</p>								</div>
				</div>
				<div class="elementor-element elementor-element-f4d2f16 elementor-view-default elementor-widget elementor-widget-icon" data-id="f4d2f16" data-element_type="widget" data-widget_type="icon.default">
				<div class="elementor-widget-container">
							<div class="elementor-icon-wrapper">
			<a class="elementor-icon" href="https://qtour.org/virtualni-postav-muzej-zupanja/2d-izlozba/#izlozba-10">
			<i aria-hidden="true" class="fas fa-long-arrow-alt-left"></i>			</a>
		</div>
						</div>
				</div>
				<div class="elementor-element elementor-element-0317e31 elementor-widget elementor-widget-text-editor" data-id="0317e31" data-element_type="widget" data-widget_type="text-editor.default">
				<div class="elementor-widget-container">
									<p><a href="https://qtour.org/virtualni-postav-muzej-zupanja/2d-izlozba/#izlozba-10">NATRAG</a></p>								</div>
				</div>
					</div>
		</div>
					</div>
		</section>
				</div>

<p>Umijeće šaranja tikvica Šaranje tikvica autohtono je narodno umijeće specifično za Slavoniju. Od 2007. godine registrirano je i zaštićeno nematerijalno dobro Republike Hrvatske.U ovoj izložbenoj vitrini izložene su šarane tikvice i alat za šaranje. https://www.youtube.com/watch?v=XgtOGkaI2ss Kada je i tko usjekao prve motive na tikvici, još uvijek nije poznato. Neki podaci upućuju na pastire („čobane“) koji&hellip;&nbsp;<a href="https://qtour.org/fr/virtualni-postav-muzej-zupanja/umijece-saranja-tikvica/" class="" rel="bookmark">Read More &raquo;<span class="screen-reader-text">Umijeće šaranja tikvica</span></a></p>
