{"id":6424,"date":"2020-08-14T09:21:26","date_gmt":"2020-08-14T09:21:26","guid":{"rendered":"https:\/\/qtour.org\/?page_id=6424"},"modified":"2020-08-26T09:13:49","modified_gmt":"2020-08-26T09:13:49","slug":"nk-granicar-2000-2010","status":"publish","type":"page","link":"https:\/\/qtour.org\/en\/ima-jedan-granicar-boja-mu-je-plava\/nk-granicar-2000-2010\/","title":{"rendered":"NK \u201eGRANI\u010cAR\u201c 2000.-2010."},"content":{"rendered":"\t\t<div data-elementor-type=\"wp-page\" data-elementor-id=\"6424\" class=\"elementor elementor-6424\">\n\t\t\t\t\t\t<section class=\"elementor-section elementor-top-section elementor-element elementor-element-49891ce animated-fast elementor-section-content-top elementor-section-boxed elementor-section-height-default elementor-section-height-default elementor-invisible\" data-id=\"49891ce\" data-element_type=\"section\" data-settings=\"{&quot;background_background&quot;:&quot;classic&quot;,&quot;animation&quot;:&quot;slideInRight&quot;,&quot;animation_tablet&quot;:&quot;slideInRight&quot;,&quot;animation_mobile&quot;:&quot;slideInRight&quot;}\">\n\t\t\t\t\t\t\t<div class=\"elementor-background-overlay\"><\/div>\n\t\t\t\t\t\t\t<div class=\"elementor-container elementor-column-gap-no\">\n\t\t\t\t\t<div class=\"elementor-column elementor-col-100 elementor-top-column elementor-element elementor-element-befb2e1\" data-id=\"befb2e1\" data-element_type=\"column\" data-settings=\"{&quot;background_background&quot;:&quot;classic&quot;}\">\n\t\t\t<div class=\"elementor-widget-wrap elementor-element-populated\">\n\t\t\t\t\t\t<div class=\"elementor-element elementor-element-9f2252d elementor-widget elementor-widget-heading\" data-id=\"9f2252d\" data-element_type=\"widget\" data-widget_type=\"heading.default\">\n\t\t\t\t<div class=\"elementor-widget-container\">\n\t\t\t\t\t<h2 class=\"elementor-heading-title elementor-size-default\">NK \u201eGRANI\u010cAR\u201c 2000.-2010. G.<\/h2>\t\t\t\t<\/div>\n\t\t\t\t<\/div>\n\t\t\t\t<div class=\"elementor-element elementor-element-6582a4e elementor-align-left elementor-button-danger elementor-widget elementor-widget-button\" data-id=\"6582a4e\" data-element_type=\"widget\" data-widget_type=\"button.default\">\n\t\t\t\t<div class=\"elementor-widget-container\">\n\t\t\t\t\t\t\t\t\t<div class=\"elementor-button-wrapper\">\n\t\t\t\t\t<a class=\"elementor-button elementor-button-link elementor-size-sm\" href=\"https:\/\/qtour.org\/ima-jedan-granicar-boja-mu-je-plava\/#pocetna-4\">\n\t\t\t\t\t\t<span class=\"elementor-button-content-wrapper\">\n\t\t\t\t\t\t\t\t\t<span class=\"elementor-button-text\">< Vrati na sadr\u017eaj<\/span>\n\t\t\t\t\t<\/span>\n\t\t\t\t\t<\/a>\n\t\t\t\t<\/div>\n\t\t\t\t\t\t\t\t<\/div>\n\t\t\t\t<\/div>\n\t\t\t\t<section class=\"elementor-section elementor-inner-section elementor-element elementor-element-2f1dcab elementor-section-full_width elementor-section-height-default elementor-section-height-default\" data-id=\"2f1dcab\" data-element_type=\"section\">\n\t\t\t\t\t\t<div class=\"elementor-container elementor-column-gap-default\">\n\t\t\t\t\t<div class=\"elementor-column elementor-col-100 elementor-inner-column elementor-element elementor-element-ec9da05\" data-id=\"ec9da05\" data-element_type=\"column\" data-settings=\"{&quot;background_background&quot;:&quot;classic&quot;}\">\n\t\t\t<div class=\"elementor-widget-wrap elementor-element-populated\">\n\t\t\t\t\t\t<div class=\"elementor-element elementor-element-967592a elementor-widget elementor-widget-text-editor\" data-id=\"967592a\" data-element_type=\"widget\" data-widget_type=\"text-editor.default\">\n\t\t\t\t<div class=\"elementor-widget-container\">\n\t\t\t\t\t\t\t\t\t<p>Nakon svojevrsne krize, koja je za posljedicu imala slabije rezultate, po\u010detkom 2000-ih godina NK \u201eGrani\u010dar\u201c do\u017eivljava uspon, pa se od sezone <strong>2005.\/2006<\/strong>. natje\u010de u\u00a0 <strong>Drugoj hrvatskoj nogometnoj ligi sjever<\/strong> (Batarilovi\u0107, 2005: 92\u201396). No kasnije se opet ustalio uglavnom u <strong>Tre\u0107oj nogometnoj ligi.<\/strong><\/p><p>U me\u0111uvremenu izgra\u0111ene su nove tribine, uz postoje\u0107e betonsko ure\u0111uje se i \u00a0pomo\u0107no travnato igrali\u0161te, a stadion je ponio naziv \u201e<strong>Stadion prve nogometne lopte u Hrvatskoj\u201c<\/strong>. Unutar kluba djeluje \u0161kola nogometa s nekoliko skupina igra\u010da prema uzrastu, koji posti\u017eu va\u017ene uspjehe u svojim kategorijama.<\/p><p>NK \u201eGrani\u010dar\u201c i u ovom je periodu \u010desto organizator i doma\u0107in razli\u010ditih humanitarnih akcija, a posebno je bila uspje\u0161na ona iz<strong> 2008. godine <\/strong>kada su, na veliko odu\u0161evljenje svih \u017dupanjaca i gostiju, zaigrali s legendama hrvatskog nogometa okupljenima u ekipi <strong>\u201eVatreni &#8217;98\u201c<\/strong><\/p><p>Godine <strong>2010<\/strong>. proslavljeno je <strong>90 godina <\/strong>od osnutka kluba.<\/p>\t\t\t\t\t\t\t\t<\/div>\n\t\t\t\t<\/div>\n\t\t\t\t\t<\/div>\n\t\t<\/div>\n\t\t\t\t\t<\/div>\n\t\t<\/section>\n\t\t\t\t<section class=\"elementor-section elementor-inner-section elementor-element elementor-element-fe9ed10 elementor-section-full_width elementor-section-height-default elementor-section-height-default\" data-id=\"fe9ed10\" data-element_type=\"section\">\n\t\t\t\t\t\t<div class=\"elementor-container elementor-column-gap-default\">\n\t\t\t\t\t<div class=\"elementor-column elementor-col-50 elementor-inner-column elementor-element elementor-element-7493869\" data-id=\"7493869\" data-element_type=\"column\" data-settings=\"{&quot;background_background&quot;:&quot;classic&quot;}\">\n\t\t\t<div class=\"elementor-widget-wrap elementor-element-populated\">\n\t\t\t\t\t\t<div class=\"elementor-element elementor-element-e0472ed elementor-align-center elementor-widget elementor-widget-button\" data-id=\"e0472ed\" data-element_type=\"widget\" data-widget_type=\"button.default\">\n\t\t\t\t<div class=\"elementor-widget-container\">\n\t\t\t\t\t\t\t\t\t<div class=\"elementor-button-wrapper\">\n\t\t\t\t\t<a class=\"elementor-button elementor-button-link elementor-size-sm\" href=\"https:\/\/qtour.org\/ima-jedan-granicar-boja-mu-je-plava\/#pocetna-14\">\n\t\t\t\t\t\t<span class=\"elementor-button-content-wrapper\">\n\t\t\t\t\t\t\t\t\t<span class=\"elementor-button-text\">Natrag<\/span>\n\t\t\t\t\t<\/span>\n\t\t\t\t\t<\/a>\n\t\t\t\t<\/div>\n\t\t\t\t\t\t\t\t<\/div>\n\t\t\t\t<\/div>\n\t\t\t\t\t<\/div>\n\t\t<\/div>\n\t\t\t\t<div class=\"elementor-column elementor-col-50 elementor-inner-column elementor-element elementor-element-34e2bd4\" data-id=\"34e2bd4\" data-element_type=\"column\" data-settings=\"{&quot;background_background&quot;:&quot;classic&quot;}\">\n\t\t\t<div class=\"elementor-widget-wrap elementor-element-populated\">\n\t\t\t\t\t\t<div class=\"elementor-element elementor-element-04453fa elementor-align-center elementor-widget elementor-widget-button\" data-id=\"04453fa\" data-element_type=\"widget\" data-widget_type=\"button.default\">\n\t\t\t\t<div class=\"elementor-widget-container\">\n\t\t\t\t\t\t\t\t\t<div class=\"elementor-button-wrapper\">\n\t\t\t\t\t<a class=\"elementor-button elementor-button-link elementor-size-sm\" href=\"https:\/\/qtour.org\/ima-jedan-granicar-boja-mu-je-plava\/#pocetna-4\">\n\t\t\t\t\t\t<span class=\"elementor-button-content-wrapper\">\n\t\t\t\t\t\t\t\t\t<span class=\"elementor-button-text\">Vrati na sadr\u017eaj<\/span>\n\t\t\t\t\t<\/span>\n\t\t\t\t\t<\/a>\n\t\t\t\t<\/div>\n\t\t\t\t\t\t\t\t<\/div>\n\t\t\t\t<\/div>\n\t\t\t\t\t<\/div>\n\t\t<\/div>\n\t\t\t\t\t<\/div>\n\t\t<\/section>\n\t\t\t\t\t<\/div>\n\t\t<\/div>\n\t\t\t\t\t<\/div>\n\t\t<\/section>\n\t\t\t\t<\/div>\n\t\t","protected":false},"excerpt":{"rendered":"<p>NK \u201eGRANI\u010cAR\u201c 2000.-2010. G. < Vrati na sadr\u017eaj Nakon svojevrsne krize, koja je za posljedicu imala slabije rezultate, po\u010detkom 2000-ih godina NK \u201eGrani\u010dar\u201c do\u017eivljava uspon, pa se od sezone 2005.\/2006. natje\u010de u\u00a0 Drugoj hrvatskoj nogometnoj ligi sjever (Batarilovi\u0107, 2005: 92\u201396). No kasnije se opet ustalio uglavnom u Tre\u0107oj nogometnoj ligi. U me\u0111uvremenu izgra\u0111ene su nove&hellip;&nbsp;<a href=\"https:\/\/qtour.org\/en\/ima-jedan-granicar-boja-mu-je-plava\/nk-granicar-2000-2010\/\" class=\"\" rel=\"bookmark\">Read More &raquo;<span class=\"screen-reader-text\">NK \u201eGRANI\u010cAR\u201c 2000.-2010.<\/span><\/a><\/p>\n","protected":false},"author":1,"featured_media":6659,"parent":5856,"menu_order":0,"comment_status":"closed","ping_status":"closed","template":"elementor_header_footer","meta":{"footnotes":""},"tags":[],"folder":[9],"class_list":["post-6424","page","type-page","status-publish","has-post-thumbnail","hentry"],"_links":{"self":[{"href":"https:\/\/qtour.org\/en\/wp-json\/wp\/v2\/pages\/6424","targetHints":{"allow":["GET"]}}],"collection":[{"href":"https:\/\/qtour.org\/en\/wp-json\/wp\/v2\/pages"}],"about":[{"href":"https:\/\/qtour.org\/en\/wp-json\/wp\/v2\/types\/page"}],"author":[{"embeddable":true,"href":"https:\/\/qtour.org\/en\/wp-json\/wp\/v2\/users\/1"}],"replies":[{"embeddable":true,"href":"https:\/\/qtour.org\/en\/wp-json\/wp\/v2\/comments?post=6424"}],"version-history":[{"count":0,"href":"https:\/\/qtour.org\/en\/wp-json\/wp\/v2\/pages\/6424\/revisions"}],"up":[{"embeddable":true,"href":"https:\/\/qtour.org\/en\/wp-json\/wp\/v2\/pages\/5856"}],"wp:featuredmedia":[{"embeddable":true,"href":"https:\/\/qtour.org\/en\/wp-json\/wp\/v2\/media\/6659"}],"wp:attachment":[{"href":"https:\/\/qtour.org\/en\/wp-json\/wp\/v2\/media?parent=6424"}],"wp:term":[{"taxonomy":"post_tag","embeddable":true,"href":"https:\/\/qtour.org\/en\/wp-json\/wp\/v2\/tags?post=6424"},{"taxonomy":"folder","embeddable":true,"href":"https:\/\/qtour.org\/en\/wp-json\/wp\/v2\/folder?post=6424"}],"curies":[{"name":"wp","href":"https:\/\/api.w.org\/{rel}","templated":true}]}}

NK „GRANIČAR“ 2000.-2010.

<div data-elementor-type="wp-page" data-elementor-id="6424" class="elementor elementor-6424">
						<section class="elementor-section elementor-top-section elementor-element elementor-element-49891ce animated-fast elementor-section-content-top elementor-section-boxed elementor-section-height-default elementor-section-height-default elementor-invisible" data-id="49891ce" data-element_type="section" data-settings="{&quot;background_background&quot;:&quot;classic&quot;,&quot;animation&quot;:&quot;slideInRight&quot;,&quot;animation_tablet&quot;:&quot;slideInRight&quot;,&quot;animation_mobile&quot;:&quot;slideInRight&quot;}">
							<div class="elementor-background-overlay"></div>
							<div class="elementor-container elementor-column-gap-no">
					<div class="elementor-column elementor-col-100 elementor-top-column elementor-element elementor-element-befb2e1" data-id="befb2e1" data-element_type="column" data-settings="{&quot;background_background&quot;:&quot;classic&quot;}">
			<div class="elementor-widget-wrap elementor-element-populated">
						<div class="elementor-element elementor-element-9f2252d elementor-widget elementor-widget-heading" data-id="9f2252d" data-element_type="widget" data-widget_type="heading.default">
				<div class="elementor-widget-container">
					<h2 class="elementor-heading-title elementor-size-default">NK „GRANIČAR“ 2000.-2010. G.</h2>				</div>
				</div>
				<div class="elementor-element elementor-element-6582a4e elementor-align-left elementor-button-danger elementor-widget elementor-widget-button" data-id="6582a4e" data-element_type="widget" data-widget_type="button.default">
				<div class="elementor-widget-container">
									<div class="elementor-button-wrapper">
					<a class="elementor-button elementor-button-link elementor-size-sm" href="https://qtour.org/ima-jedan-granicar-boja-mu-je-plava/#pocetna-4">
						<span class="elementor-button-content-wrapper">
									<span class="elementor-button-text">< Vrati na sadržaj</span>
					</span>
					</a>
				</div>
								</div>
				</div>
				<section class="elementor-section elementor-inner-section elementor-element elementor-element-2f1dcab elementor-section-full_width elementor-section-height-default elementor-section-height-default" data-id="2f1dcab" data-element_type="section">
						<div class="elementor-container elementor-column-gap-default">
					<div class="elementor-column elementor-col-100 elementor-inner-column elementor-element elementor-element-ec9da05" data-id="ec9da05" data-element_type="column" data-settings="{&quot;background_background&quot;:&quot;classic&quot;}">
			<div class="elementor-widget-wrap elementor-element-populated">
						<div class="elementor-element elementor-element-967592a elementor-widget elementor-widget-text-editor" data-id="967592a" data-element_type="widget" data-widget_type="text-editor.default">
				<div class="elementor-widget-container">
									<p>Nakon svojevrsne krize, koja je za posljedicu imala slabije rezultate, početkom 2000-ih godina NK „Graničar“ doživljava uspon, pa se od sezone <strong>2005./2006</strong>. natječe u  <strong>Drugoj hrvatskoj nogometnoj ligi sjever</strong> (Batarilović, 2005: 92–96). No kasnije se opet ustalio uglavnom u <strong>Trećoj nogometnoj ligi.</strong></p><p>U međuvremenu izgrađene su nove tribine, uz postojeće betonsko uređuje se i  pomoćno travnato igralište, a stadion je ponio naziv „<strong>Stadion prve nogometne lopte u Hrvatskoj“</strong>. Unutar kluba djeluje škola nogometa s nekoliko skupina igrača prema uzrastu, koji postižu važne uspjehe u svojim kategorijama.</p><p>NK „Graničar“ i u ovom je periodu često organizator i domaćin različitih humanitarnih akcija, a posebno je bila uspješna ona iz<strong> 2008. godine </strong>kada su, na veliko oduševljenje svih Županjaca i gostiju, zaigrali s legendama hrvatskog nogometa okupljenima u ekipi <strong>„Vatreni &#8217;98“</strong></p><p>Godine <strong>2010</strong>. proslavljeno je <strong>90 godina </strong>od osnutka kluba.</p>								</div>
				</div>
					</div>
		</div>
					</div>
		</section>
				<section class="elementor-section elementor-inner-section elementor-element elementor-element-fe9ed10 elementor-section-full_width elementor-section-height-default elementor-section-height-default" data-id="fe9ed10" data-element_type="section">
						<div class="elementor-container elementor-column-gap-default">
					<div class="elementor-column elementor-col-50 elementor-inner-column elementor-element elementor-element-7493869" data-id="7493869" data-element_type="column" data-settings="{&quot;background_background&quot;:&quot;classic&quot;}">
			<div class="elementor-widget-wrap elementor-element-populated">
						<div class="elementor-element elementor-element-e0472ed elementor-align-center elementor-widget elementor-widget-button" data-id="e0472ed" data-element_type="widget" data-widget_type="button.default">
				<div class="elementor-widget-container">
									<div class="elementor-button-wrapper">
					<a class="elementor-button elementor-button-link elementor-size-sm" href="https://qtour.org/ima-jedan-granicar-boja-mu-je-plava/#pocetna-14">
						<span class="elementor-button-content-wrapper">
									<span class="elementor-button-text">Natrag</span>
					</span>
					</a>
				</div>
								</div>
				</div>
					</div>
		</div>
				<div class="elementor-column elementor-col-50 elementor-inner-column elementor-element elementor-element-34e2bd4" data-id="34e2bd4" data-element_type="column" data-settings="{&quot;background_background&quot;:&quot;classic&quot;}">
			<div class="elementor-widget-wrap elementor-element-populated">
						<div class="elementor-element elementor-element-04453fa elementor-align-center elementor-widget elementor-widget-button" data-id="04453fa" data-element_type="widget" data-widget_type="button.default">
				<div class="elementor-widget-container">
									<div class="elementor-button-wrapper">
					<a class="elementor-button elementor-button-link elementor-size-sm" href="https://qtour.org/ima-jedan-granicar-boja-mu-je-plava/#pocetna-4">
						<span class="elementor-button-content-wrapper">
									<span class="elementor-button-text">Vrati na sadržaj</span>
					</span>
					</a>
				</div>
								</div>
				</div>
					</div>
		</div>
					</div>
		</section>
					</div>
		</div>
					</div>
		</section>
				</div>

<p>NK „GRANIČAR“ 2000.-2010. G. < Vrati na sadržaj Nakon svojevrsne krize, koja je za posljedicu imala slabije rezultate, početkom 2000-ih godina NK „Graničar“ doživljava uspon, pa se od sezone 2005./2006. natječe u  Drugoj hrvatskoj nogometnoj ligi sjever (Batarilović, 2005: 92–96). No kasnije se opet ustalio uglavnom u Trećoj nogometnoj ligi. U međuvremenu izgrađene su nove&hellip;&nbsp;<a href="https://qtour.org/en/ima-jedan-granicar-boja-mu-je-plava/nk-granicar-2000-2010/" class="" rel="bookmark">Read More &raquo;<span class="screen-reader-text">NK „GRANIČAR“ 2000.-2010.</span></a></p>
