{"id":6293,"date":"2020-08-11T15:01:56","date_gmt":"2020-08-11T15:01:56","guid":{"rendered":"https:\/\/qtour.org\/?page_id=6293"},"modified":"2020-08-26T09:15:14","modified_gmt":"2020-08-26T09:15:14","slug":"nk-granicar-1945-1960","status":"publish","type":"page","link":"https:\/\/qtour.org\/de\/ima-jedan-granicar-boja-mu-je-plava\/nk-granicar-1945-1960\/","title":{"rendered":"NK Grani\u010dar 1945.-1960."},"content":{"rendered":"\t\t<div data-elementor-type=\"wp-page\" data-elementor-id=\"6293\" class=\"elementor elementor-6293\">\n\t\t\t\t\t\t<section class=\"elementor-section elementor-top-section elementor-element elementor-element-528c569 animated-fast elementor-section-content-top elementor-section-boxed elementor-section-height-default elementor-section-height-default elementor-invisible\" data-id=\"528c569\" data-element_type=\"section\" data-settings=\"{&quot;background_background&quot;:&quot;classic&quot;,&quot;animation&quot;:&quot;slideInRight&quot;,&quot;animation_tablet&quot;:&quot;slideInRight&quot;,&quot;animation_mobile&quot;:&quot;slideInRight&quot;}\">\n\t\t\t\t\t\t\t<div class=\"elementor-background-overlay\"><\/div>\n\t\t\t\t\t\t\t<div class=\"elementor-container elementor-column-gap-no\">\n\t\t\t\t\t<div class=\"elementor-column elementor-col-100 elementor-top-column elementor-element elementor-element-cba2809\" data-id=\"cba2809\" data-element_type=\"column\" data-settings=\"{&quot;background_background&quot;:&quot;classic&quot;}\">\n\t\t\t<div class=\"elementor-widget-wrap elementor-element-populated\">\n\t\t\t\t\t\t<div class=\"elementor-element elementor-element-e0f63cf elementor-widget elementor-widget-heading\" data-id=\"e0f63cf\" data-element_type=\"widget\" data-widget_type=\"heading.default\">\n\t\t\t\t<div class=\"elementor-widget-container\">\n\t\t\t\t\t<h2 class=\"elementor-heading-title elementor-size-default\">NK \u201eGRANI\u010cAR\u201c 1945.- 1960. G.<\/h2>\t\t\t\t<\/div>\n\t\t\t\t<\/div>\n\t\t\t\t<div class=\"elementor-element elementor-element-c596e83 elementor-align-left elementor-button-danger elementor-widget elementor-widget-button\" data-id=\"c596e83\" data-element_type=\"widget\" data-widget_type=\"button.default\">\n\t\t\t\t<div class=\"elementor-widget-container\">\n\t\t\t\t\t\t\t\t\t<div class=\"elementor-button-wrapper\">\n\t\t\t\t\t<a class=\"elementor-button elementor-button-link elementor-size-sm\" href=\"https:\/\/qtour.org\/ima-jedan-granicar-boja-mu-je-plava\/#pocetna-4\">\n\t\t\t\t\t\t<span class=\"elementor-button-content-wrapper\">\n\t\t\t\t\t\t\t\t\t<span class=\"elementor-button-text\">< Vrati na sadr\u017eaj<\/span>\n\t\t\t\t\t<\/span>\n\t\t\t\t\t<\/a>\n\t\t\t\t<\/div>\n\t\t\t\t\t\t\t\t<\/div>\n\t\t\t\t<\/div>\n\t\t\t\t<section class=\"elementor-section elementor-inner-section elementor-element elementor-element-2951879 elementor-section-full_width elementor-section-height-default elementor-section-height-default\" data-id=\"2951879\" data-element_type=\"section\">\n\t\t\t\t\t\t<div class=\"elementor-container elementor-column-gap-default\">\n\t\t\t\t\t<div class=\"elementor-column elementor-col-100 elementor-inner-column elementor-element elementor-element-fd0733a\" data-id=\"fd0733a\" data-element_type=\"column\" data-settings=\"{&quot;background_background&quot;:&quot;classic&quot;}\">\n\t\t\t<div class=\"elementor-widget-wrap elementor-element-populated\">\n\t\t\t\t\t\t<div class=\"elementor-element elementor-element-c620182 elementor-widget elementor-widget-text-editor\" data-id=\"c620182\" data-element_type=\"widget\" data-widget_type=\"text-editor.default\">\n\t\t\t\t<div class=\"elementor-widget-container\">\n\t\t\t\t\t\t\t\t\t<p>Nakon Drugog svjetskog rata \u017dupanja se na\u0161la u <strong>okviru komunisti\u010dke Jugoslavije.<\/strong><\/p><p>Tada\u0161nje su vlasti\u00a0 u prvim godinama pora\u0107a konfiscirale imovinu preostalu od tvornice tanina. Od <strong>godine 1947. <\/strong>teren Grani\u010dara postalo je biv\u0161e zemlji\u0161te tvornice tanina, koje je klubu pod tada\u0161njim nazivom \u201eFiskulturno dru\u0161tvo Grani\u010dar\u201c darovala supruga vlasnika tvornice tanina Katarina Hepburn, te je na njemu iste godine izgra\u0111en stadion, a <strong>tribine<\/strong> su premje\u0161tene sa starog igrali\u0161ta na va\u0161ari\u0161tu, obnovljene i sve\u010dano otvorene <strong>1949. <\/strong>godine (Batarilovi\u0107, 2005: 64\u201368).<\/p><p>Prvu utakmicu na novom stadionu NK \u201eGrani\u010dar\u201c odigrao je <strong>1947. godine <\/strong>sa NK \u201eSloboda\u201c iz \u0110akova, a od atraktivnijih gostiju treba spomenuti <strong>1948. godine<\/strong> NK \u201eDinamo\u201c i NK \u201eLokomotiva\u201c iz Zagreba.<\/p><p>Unutar kluba, neposredno nakon Drugog svjetskog rata, formirane su <strong>\u0161ahovska, kugla\u010dka i ko\u0161arka\u0161ka sekcija<\/strong>. Godine <strong>1950.<\/strong> izgra\u0111ena je i <strong>dru\u0161tvena dvorana.<\/strong><\/p><p>Godine <strong>1951. obilje\u017eena je 30. obljetnica<\/strong> postojanja kluba, \u0161to je popra\u0107eno i prigodnom monografijom koju je uredio Ivo Balentovi\u0107.<\/p>\t\t\t\t\t\t\t\t<\/div>\n\t\t\t\t<\/div>\n\t\t\t\t\t<\/div>\n\t\t<\/div>\n\t\t\t\t\t<\/div>\n\t\t<\/section>\n\t\t\t\t<section class=\"elementor-section elementor-inner-section elementor-element elementor-element-5444fed elementor-section-full_width elementor-section-height-default elementor-section-height-default\" data-id=\"5444fed\" data-element_type=\"section\">\n\t\t\t\t\t\t<div class=\"elementor-container elementor-column-gap-default\">\n\t\t\t\t\t<div class=\"elementor-column elementor-col-50 elementor-inner-column elementor-element elementor-element-be8a143\" data-id=\"be8a143\" data-element_type=\"column\" data-settings=\"{&quot;background_background&quot;:&quot;classic&quot;}\">\n\t\t\t<div class=\"elementor-widget-wrap elementor-element-populated\">\n\t\t\t\t\t\t<div class=\"elementor-element elementor-element-4f90874 elementor-align-center elementor-widget elementor-widget-button\" data-id=\"4f90874\" data-element_type=\"widget\" data-widget_type=\"button.default\">\n\t\t\t\t<div class=\"elementor-widget-container\">\n\t\t\t\t\t\t\t\t\t<div class=\"elementor-button-wrapper\">\n\t\t\t\t\t<a class=\"elementor-button elementor-button-link elementor-size-sm\" href=\"https:\/\/qtour.org\/ima-jedan-granicar-boja-mu-je-plava\/#pocetna-9\">\n\t\t\t\t\t\t<span class=\"elementor-button-content-wrapper\">\n\t\t\t\t\t\t\t\t\t<span class=\"elementor-button-text\">Natrag<\/span>\n\t\t\t\t\t<\/span>\n\t\t\t\t\t<\/a>\n\t\t\t\t<\/div>\n\t\t\t\t\t\t\t\t<\/div>\n\t\t\t\t<\/div>\n\t\t\t\t\t<\/div>\n\t\t<\/div>\n\t\t\t\t<div class=\"elementor-column elementor-col-50 elementor-inner-column elementor-element elementor-element-4625c76\" data-id=\"4625c76\" data-element_type=\"column\" data-settings=\"{&quot;background_background&quot;:&quot;classic&quot;}\">\n\t\t\t<div class=\"elementor-widget-wrap elementor-element-populated\">\n\t\t\t\t\t\t<div class=\"elementor-element elementor-element-c7d3739 elementor-align-center elementor-widget elementor-widget-button\" data-id=\"c7d3739\" data-element_type=\"widget\" data-widget_type=\"button.default\">\n\t\t\t\t<div class=\"elementor-widget-container\">\n\t\t\t\t\t\t\t\t\t<div class=\"elementor-button-wrapper\">\n\t\t\t\t\t<a class=\"elementor-button elementor-button-link elementor-size-sm\" href=\"https:\/\/qtour.org\/ima-jedan-granicar-boja-mu-je-plava\/#pocetna-4\">\n\t\t\t\t\t\t<span class=\"elementor-button-content-wrapper\">\n\t\t\t\t\t\t\t\t\t<span class=\"elementor-button-text\">Vrati na sadr\u017eaj<\/span>\n\t\t\t\t\t<\/span>\n\t\t\t\t\t<\/a>\n\t\t\t\t<\/div>\n\t\t\t\t\t\t\t\t<\/div>\n\t\t\t\t<\/div>\n\t\t\t\t\t<\/div>\n\t\t<\/div>\n\t\t\t\t\t<\/div>\n\t\t<\/section>\n\t\t\t\t\t<\/div>\n\t\t<\/div>\n\t\t\t\t\t<\/div>\n\t\t<\/section>\n\t\t\t\t<\/div>\n\t\t","protected":false},"excerpt":{"rendered":"<p>NK \u201eGRANI\u010cAR\u201c 1945.- 1960. G. < Vrati na sadr\u017eaj Nakon Drugog svjetskog rata \u017dupanja se na\u0161la u okviru komunisti\u010dke Jugoslavije. Tada\u0161nje su vlasti\u00a0 u prvim godinama pora\u0107a konfiscirale imovinu preostalu od tvornice tanina. Od godine 1947. teren Grani\u010dara postalo je biv\u0161e zemlji\u0161te tvornice tanina, koje je klubu pod tada\u0161njim nazivom \u201eFiskulturno dru\u0161tvo Grani\u010dar\u201c darovala supruga&hellip;&nbsp;<a href=\"https:\/\/qtour.org\/de\/ima-jedan-granicar-boja-mu-je-plava\/nk-granicar-1945-1960\/\" class=\"\" rel=\"bookmark\">Read More &raquo;<span class=\"screen-reader-text\">NK Grani\u010dar 1945.-1960.<\/span><\/a><\/p>\n","protected":false},"author":1,"featured_media":6659,"parent":5856,"menu_order":0,"comment_status":"closed","ping_status":"closed","template":"elementor_header_footer","meta":{"footnotes":""},"tags":[],"folder":[9],"class_list":["post-6293","page","type-page","status-publish","has-post-thumbnail","hentry"],"_links":{"self":[{"href":"https:\/\/qtour.org\/de\/wp-json\/wp\/v2\/pages\/6293","targetHints":{"allow":["GET"]}}],"collection":[{"href":"https:\/\/qtour.org\/de\/wp-json\/wp\/v2\/pages"}],"about":[{"href":"https:\/\/qtour.org\/de\/wp-json\/wp\/v2\/types\/page"}],"author":[{"embeddable":true,"href":"https:\/\/qtour.org\/de\/wp-json\/wp\/v2\/users\/1"}],"replies":[{"embeddable":true,"href":"https:\/\/qtour.org\/de\/wp-json\/wp\/v2\/comments?post=6293"}],"version-history":[{"count":0,"href":"https:\/\/qtour.org\/de\/wp-json\/wp\/v2\/pages\/6293\/revisions"}],"up":[{"embeddable":true,"href":"https:\/\/qtour.org\/de\/wp-json\/wp\/v2\/pages\/5856"}],"wp:featuredmedia":[{"embeddable":true,"href":"https:\/\/qtour.org\/de\/wp-json\/wp\/v2\/media\/6659"}],"wp:attachment":[{"href":"https:\/\/qtour.org\/de\/wp-json\/wp\/v2\/media?parent=6293"}],"wp:term":[{"taxonomy":"post_tag","embeddable":true,"href":"https:\/\/qtour.org\/de\/wp-json\/wp\/v2\/tags?post=6293"},{"taxonomy":"folder","embeddable":true,"href":"https:\/\/qtour.org\/de\/wp-json\/wp\/v2\/folder?post=6293"}],"curies":[{"name":"wp","href":"https:\/\/api.w.org\/{rel}","templated":true}]}}

NK Graničar 1945.-1960.

<div data-elementor-type="wp-page" data-elementor-id="6293" class="elementor elementor-6293">
						<section class="elementor-section elementor-top-section elementor-element elementor-element-528c569 animated-fast elementor-section-content-top elementor-section-boxed elementor-section-height-default elementor-section-height-default elementor-invisible" data-id="528c569" data-element_type="section" data-settings="{&quot;background_background&quot;:&quot;classic&quot;,&quot;animation&quot;:&quot;slideInRight&quot;,&quot;animation_tablet&quot;:&quot;slideInRight&quot;,&quot;animation_mobile&quot;:&quot;slideInRight&quot;}">
							<div class="elementor-background-overlay"></div>
							<div class="elementor-container elementor-column-gap-no">
					<div class="elementor-column elementor-col-100 elementor-top-column elementor-element elementor-element-cba2809" data-id="cba2809" data-element_type="column" data-settings="{&quot;background_background&quot;:&quot;classic&quot;}">
			<div class="elementor-widget-wrap elementor-element-populated">
						<div class="elementor-element elementor-element-e0f63cf elementor-widget elementor-widget-heading" data-id="e0f63cf" data-element_type="widget" data-widget_type="heading.default">
				<div class="elementor-widget-container">
					<h2 class="elementor-heading-title elementor-size-default">NK „GRANIČAR“ 1945.- 1960. G.</h2>				</div>
				</div>
				<div class="elementor-element elementor-element-c596e83 elementor-align-left elementor-button-danger elementor-widget elementor-widget-button" data-id="c596e83" data-element_type="widget" data-widget_type="button.default">
				<div class="elementor-widget-container">
									<div class="elementor-button-wrapper">
					<a class="elementor-button elementor-button-link elementor-size-sm" href="https://qtour.org/ima-jedan-granicar-boja-mu-je-plava/#pocetna-4">
						<span class="elementor-button-content-wrapper">
									<span class="elementor-button-text">< Vrati na sadržaj</span>
					</span>
					</a>
				</div>
								</div>
				</div>
				<section class="elementor-section elementor-inner-section elementor-element elementor-element-2951879 elementor-section-full_width elementor-section-height-default elementor-section-height-default" data-id="2951879" data-element_type="section">
						<div class="elementor-container elementor-column-gap-default">
					<div class="elementor-column elementor-col-100 elementor-inner-column elementor-element elementor-element-fd0733a" data-id="fd0733a" data-element_type="column" data-settings="{&quot;background_background&quot;:&quot;classic&quot;}">
			<div class="elementor-widget-wrap elementor-element-populated">
						<div class="elementor-element elementor-element-c620182 elementor-widget elementor-widget-text-editor" data-id="c620182" data-element_type="widget" data-widget_type="text-editor.default">
				<div class="elementor-widget-container">
									<p>Nakon Drugog svjetskog rata Županja se našla u <strong>okviru komunističke Jugoslavije.</strong></p><p>Tadašnje su vlasti  u prvim godinama poraća konfiscirale imovinu preostalu od tvornice tanina. Od <strong>godine 1947. </strong>teren Graničara postalo je bivše zemljište tvornice tanina, koje je klubu pod tadašnjim nazivom „Fiskulturno društvo Graničar“ darovala supruga vlasnika tvornice tanina Katarina Hepburn, te je na njemu iste godine izgrađen stadion, a <strong>tribine</strong> su premještene sa starog igrališta na vašarištu, obnovljene i svečano otvorene <strong>1949. </strong>godine (Batarilović, 2005: 64–68).</p><p>Prvu utakmicu na novom stadionu NK „Graničar“ odigrao je <strong>1947. godine </strong>sa NK „Sloboda“ iz Đakova, a od atraktivnijih gostiju treba spomenuti <strong>1948. godine</strong> NK „Dinamo“ i NK „Lokomotiva“ iz Zagreba.</p><p>Unutar kluba, neposredno nakon Drugog svjetskog rata, formirane su <strong>šahovska, kuglačka i košarkaška sekcija</strong>. Godine <strong>1950.</strong> izgrađena je i <strong>društvena dvorana.</strong></p><p>Godine <strong>1951. obilježena je 30. obljetnica</strong> postojanja kluba, što je popraćeno i prigodnom monografijom koju je uredio Ivo Balentović.</p>								</div>
				</div>
					</div>
		</div>
					</div>
		</section>
				<section class="elementor-section elementor-inner-section elementor-element elementor-element-5444fed elementor-section-full_width elementor-section-height-default elementor-section-height-default" data-id="5444fed" data-element_type="section">
						<div class="elementor-container elementor-column-gap-default">
					<div class="elementor-column elementor-col-50 elementor-inner-column elementor-element elementor-element-be8a143" data-id="be8a143" data-element_type="column" data-settings="{&quot;background_background&quot;:&quot;classic&quot;}">
			<div class="elementor-widget-wrap elementor-element-populated">
						<div class="elementor-element elementor-element-4f90874 elementor-align-center elementor-widget elementor-widget-button" data-id="4f90874" data-element_type="widget" data-widget_type="button.default">
				<div class="elementor-widget-container">
									<div class="elementor-button-wrapper">
					<a class="elementor-button elementor-button-link elementor-size-sm" href="https://qtour.org/ima-jedan-granicar-boja-mu-je-plava/#pocetna-9">
						<span class="elementor-button-content-wrapper">
									<span class="elementor-button-text">Natrag</span>
					</span>
					</a>
				</div>
								</div>
				</div>
					</div>
		</div>
				<div class="elementor-column elementor-col-50 elementor-inner-column elementor-element elementor-element-4625c76" data-id="4625c76" data-element_type="column" data-settings="{&quot;background_background&quot;:&quot;classic&quot;}">
			<div class="elementor-widget-wrap elementor-element-populated">
						<div class="elementor-element elementor-element-c7d3739 elementor-align-center elementor-widget elementor-widget-button" data-id="c7d3739" data-element_type="widget" data-widget_type="button.default">
				<div class="elementor-widget-container">
									<div class="elementor-button-wrapper">
					<a class="elementor-button elementor-button-link elementor-size-sm" href="https://qtour.org/ima-jedan-granicar-boja-mu-je-plava/#pocetna-4">
						<span class="elementor-button-content-wrapper">
									<span class="elementor-button-text">Vrati na sadržaj</span>
					</span>
					</a>
				</div>
								</div>
				</div>
					</div>
		</div>
					</div>
		</section>
					</div>
		</div>
					</div>
		</section>
				</div>

<p>NK „GRANIČAR“ 1945.- 1960. G. < Vrati na sadržaj Nakon Drugog svjetskog rata Županja se našla u okviru komunističke Jugoslavije. Tadašnje su vlasti  u prvim godinama poraća konfiscirale imovinu preostalu od tvornice tanina. Od godine 1947. teren Graničara postalo je bivše zemljište tvornice tanina, koje je klubu pod tadašnjim nazivom „Fiskulturno društvo Graničar“ darovala supruga&hellip;&nbsp;<a href="https://qtour.org/de/ima-jedan-granicar-boja-mu-je-plava/nk-granicar-1945-1960/" class="" rel="bookmark">Read More &raquo;<span class="screen-reader-text">NK Graničar 1945.-1960.</span></a></p>
