{"id":6257,"date":"2020-08-10T20:40:21","date_gmt":"2020-08-10T20:40:21","guid":{"rendered":"https:\/\/qtour.org\/?page_id=6257"},"modified":"2020-08-26T09:10:37","modified_gmt":"2020-08-26T09:10:37","slug":"granicar-izmedu-dva-svjetska-rata-i-u-vrijeme-drugog-svjetskog-rata","status":"publish","type":"page","link":"https:\/\/qtour.org\/de\/ima-jedan-granicar-boja-mu-je-plava\/granicar-izmedu-dva-svjetska-rata-i-u-vrijeme-drugog-svjetskog-rata\/","title":{"rendered":"Granicar izme\u0111u dva svjetska rata i u vrijeme drugog svjetskog rata"},"content":{"rendered":"\t\t<div data-elementor-type=\"wp-page\" data-elementor-id=\"6257\" class=\"elementor elementor-6257\">\n\t\t\t\t\t\t<section class=\"elementor-section elementor-top-section elementor-element elementor-element-cdc55fe animated-fast elementor-section-content-top elementor-section-boxed elementor-section-height-default elementor-section-height-default elementor-invisible\" data-id=\"cdc55fe\" data-element_type=\"section\" data-settings=\"{&quot;background_background&quot;:&quot;classic&quot;,&quot;animation&quot;:&quot;slideInRight&quot;,&quot;animation_tablet&quot;:&quot;slideInRight&quot;,&quot;animation_mobile&quot;:&quot;slideInRight&quot;}\">\n\t\t\t\t\t\t\t<div class=\"elementor-background-overlay\"><\/div>\n\t\t\t\t\t\t\t<div class=\"elementor-container elementor-column-gap-no\">\n\t\t\t\t\t<div class=\"elementor-column elementor-col-100 elementor-top-column elementor-element elementor-element-5dacfee\" data-id=\"5dacfee\" data-element_type=\"column\" data-settings=\"{&quot;background_background&quot;:&quot;classic&quot;}\">\n\t\t\t<div class=\"elementor-widget-wrap elementor-element-populated\">\n\t\t\t\t\t\t<div class=\"elementor-element elementor-element-cb7ecab elementor-widget elementor-widget-heading\" data-id=\"cb7ecab\" data-element_type=\"widget\" data-widget_type=\"heading.default\">\n\t\t\t\t<div class=\"elementor-widget-container\">\n\t\t\t\t\t<h2 class=\"elementor-heading-title elementor-size-default\">Grani\u010dar izme\u0111u dva svjetska rata i u vrijeme Drugog svjetskog rata<\/h2>\t\t\t\t<\/div>\n\t\t\t\t<\/div>\n\t\t\t\t<div class=\"elementor-element elementor-element-0ba80d4 elementor-align-left elementor-button-danger elementor-widget elementor-widget-button\" data-id=\"0ba80d4\" data-element_type=\"widget\" data-widget_type=\"button.default\">\n\t\t\t\t<div class=\"elementor-widget-container\">\n\t\t\t\t\t\t\t\t\t<div class=\"elementor-button-wrapper\">\n\t\t\t\t\t<a class=\"elementor-button elementor-button-link elementor-size-sm\" href=\"https:\/\/qtour.org\/ima-jedan-granicar-boja-mu-je-plava\/#pocetna-4\">\n\t\t\t\t\t\t<span class=\"elementor-button-content-wrapper\">\n\t\t\t\t\t\t\t\t\t<span class=\"elementor-button-text\">< Vrati na sadr\u017eaj<\/span>\n\t\t\t\t\t<\/span>\n\t\t\t\t\t<\/a>\n\t\t\t\t<\/div>\n\t\t\t\t\t\t\t\t<\/div>\n\t\t\t\t<\/div>\n\t\t\t\t<section class=\"elementor-section elementor-inner-section elementor-element elementor-element-82cc696 elementor-section-full_width elementor-section-height-default elementor-section-height-default\" data-id=\"82cc696\" data-element_type=\"section\">\n\t\t\t\t\t\t<div class=\"elementor-container elementor-column-gap-default\">\n\t\t\t\t\t<div class=\"elementor-column elementor-col-100 elementor-inner-column elementor-element elementor-element-b4aaa79\" data-id=\"b4aaa79\" data-element_type=\"column\" data-settings=\"{&quot;background_background&quot;:&quot;classic&quot;}\">\n\t\t\t<div class=\"elementor-widget-wrap elementor-element-populated\">\n\t\t\t\t\t\t<div class=\"elementor-element elementor-element-7636b08 elementor-widget elementor-widget-text-editor\" data-id=\"7636b08\" data-element_type=\"widget\" data-widget_type=\"text-editor.default\">\n\t\t\t\t<div class=\"elementor-widget-container\">\n\t\t\t\t\t\t\t\t\t<p>Zbog lo\u0161e organizacije i neredovitih treninga dio \u010dlanstva Grani\u010dara nakratko je od <strong>1922. godine <\/strong>reorganizirao i preimenovao klub u <strong>H\u0160K \u201eJadran<\/strong>\u201c, no izvorno ime \u201eGrani\u010dar\u201c vra\u0107eno je 1926. godine te ga kao takvo klub nosi do danas, uz kratkotrajni naziv \u201e<strong>Croatia\u201c<\/strong> od 1936. do 1939. godine. Godine 1926. klub se u\u010dlanio u <strong>Nogometni podsavez<\/strong>.<\/p><p>Utakmice su se igrale na <em>\u017eandarskoj ba\u0161\u010di<\/em> i <em>va\u0161ari\u0161tu <\/em>(Batarilovi\u0107, 2005: 58).<\/p><p>Plava boja dresova u vi\u0161e je navrata isticana kao klupska boja ve\u0107 u tim prvim godinama djelovanja.<\/p><p>Godine <strong>1927<\/strong>. Grani\u010dar broji 70 \u010dlanova. Te je godine odr\u017eao 12 utakmica i postao \u010dlan <strong>Osje\u010dkog podsaveza<\/strong>. Ta se godina smatra jednom od plodnijih u tom prvom razdoblju Grani\u010dara, jer je klub djelovao i na kulturno-dru\u0161tvenom planu. S Osje\u010dkim podsavezom klub je dolazio u razmirice oko podmirivanja dugovanja i \u010dlanstva, \u0161to dovodi do povremenih zastoja u radu kluba.<\/p><p>Godina <strong>1934.<\/strong> bila je va\u017ena za klub jer <strong>dobiva klupske prostorije s tribinama<\/strong> te je djelomi\u010dno uredio igrali\u0161te na \u201eva\u0161ari\u0161tu\u201c. Klub se uspje\u0161no natjecao s klubovima iz Vinkovaca i Ora\u0161ja sve do po\u010detka Drugog svjetskog rata.<\/p><p>Godine 1<strong>937<\/strong>. u Grani\u010daru su dodijeljene plakete zaslu\u017enim djelatnicima za dugogodi\u0161nji rad na podru\u010dju nogometa i kluba, a autor plaketa bio je poznati kipar <strong>Rudolf \u0160vagel-Le\u0161i\u0107. <\/strong><\/p><p>U razdoblju izme\u0111u dva svjetska rata u okviru Grani\u010dara postojale su razli\u010dite sekcije poput hazene, kazali\u0161ne i glazbene sekcije, u koje su se uklju\u010dili brojni mladi \u017dupanjci i koje su organiziranjem razli\u010ditih dru\u0161tvenih doga\u0111aja, poput plesova i priredbi, utjecale na dru\u0161tveni \u017eivot grada i financijski potpomagale klub.<\/p><p>Kako navodi \u0110uka Verner, hazene su prestale s radom jer je kritika javnosti bila uperena protiv njih jer nije bilo uobi\u010dajeno da se djevojke bave takvom vrstom sporta, pa su odr\u017eane samo tri utakmice te skupine.<\/p><p>Zanimljivi su bili i izbori ljepote na zabavama Grani\u010dara. Iz novinskih \u010dlanaka mo\u017ee se doznati da je 1940. godine titulu \u201emiss\u201c ponijela Marica Vrban, kasnije Blumen\u0161ajn, poznata u \u017dupanji kao ugledna \u201eMarica pekarica\u201c.<\/p><p>Od 1942. godine zbog ratnog djelovanja prestale su sve aktivnosti sportskih klubova, pa i Grani\u010dara.<\/p>\t\t\t\t\t\t\t\t<\/div>\n\t\t\t\t<\/div>\n\t\t\t\t\t<\/div>\n\t\t<\/div>\n\t\t\t\t\t<\/div>\n\t\t<\/section>\n\t\t\t\t<section class=\"elementor-section elementor-inner-section elementor-element elementor-element-2324487 elementor-section-full_width elementor-section-height-default elementor-section-height-default\" data-id=\"2324487\" data-element_type=\"section\">\n\t\t\t\t\t\t<div class=\"elementor-container elementor-column-gap-default\">\n\t\t\t\t\t<div class=\"elementor-column elementor-col-50 elementor-inner-column elementor-element elementor-element-0d622d2\" data-id=\"0d622d2\" data-element_type=\"column\" data-settings=\"{&quot;background_background&quot;:&quot;classic&quot;}\">\n\t\t\t<div class=\"elementor-widget-wrap elementor-element-populated\">\n\t\t\t\t\t\t<div class=\"elementor-element elementor-element-996c816 elementor-align-center elementor-widget elementor-widget-button\" data-id=\"996c816\" data-element_type=\"widget\" data-widget_type=\"button.default\">\n\t\t\t\t<div class=\"elementor-widget-container\">\n\t\t\t\t\t\t\t\t\t<div class=\"elementor-button-wrapper\">\n\t\t\t\t\t<a class=\"elementor-button elementor-button-link elementor-size-sm\" href=\"https:\/\/qtour.org\/ima-jedan-granicar-boja-mu-je-plava\/#pocetna-8\">\n\t\t\t\t\t\t<span class=\"elementor-button-content-wrapper\">\n\t\t\t\t\t\t\t\t\t<span class=\"elementor-button-text\">Natrag<\/span>\n\t\t\t\t\t<\/span>\n\t\t\t\t\t<\/a>\n\t\t\t\t<\/div>\n\t\t\t\t\t\t\t\t<\/div>\n\t\t\t\t<\/div>\n\t\t\t\t\t<\/div>\n\t\t<\/div>\n\t\t\t\t<div class=\"elementor-column elementor-col-50 elementor-inner-column elementor-element elementor-element-73ec4bc\" data-id=\"73ec4bc\" data-element_type=\"column\" data-settings=\"{&quot;background_background&quot;:&quot;classic&quot;}\">\n\t\t\t<div class=\"elementor-widget-wrap elementor-element-populated\">\n\t\t\t\t\t\t<div class=\"elementor-element elementor-element-57a1177 elementor-align-center elementor-widget elementor-widget-button\" data-id=\"57a1177\" data-element_type=\"widget\" data-widget_type=\"button.default\">\n\t\t\t\t<div class=\"elementor-widget-container\">\n\t\t\t\t\t\t\t\t\t<div class=\"elementor-button-wrapper\">\n\t\t\t\t\t<a class=\"elementor-button elementor-button-link elementor-size-sm\" href=\"https:\/\/qtour.org\/ima-jedan-granicar-boja-mu-je-plava\/#pocetna-4\">\n\t\t\t\t\t\t<span class=\"elementor-button-content-wrapper\">\n\t\t\t\t\t\t\t\t\t<span class=\"elementor-button-text\">Vrati na sadr\u017eaj<\/span>\n\t\t\t\t\t<\/span>\n\t\t\t\t\t<\/a>\n\t\t\t\t<\/div>\n\t\t\t\t\t\t\t\t<\/div>\n\t\t\t\t<\/div>\n\t\t\t\t\t<\/div>\n\t\t<\/div>\n\t\t\t\t\t<\/div>\n\t\t<\/section>\n\t\t\t\t\t<\/div>\n\t\t<\/div>\n\t\t\t\t\t<\/div>\n\t\t<\/section>\n\t\t\t\t<\/div>\n\t\t","protected":false},"excerpt":{"rendered":"<p>Grani\u010dar izme\u0111u dva svjetska rata i u vrijeme Drugog svjetskog rata < Vrati na sadr\u017eaj Zbog lo\u0161e organizacije i neredovitih treninga dio \u010dlanstva Grani\u010dara nakratko je od 1922. godine reorganizirao i preimenovao klub u H\u0160K \u201eJadran\u201c, no izvorno ime \u201eGrani\u010dar\u201c vra\u0107eno je 1926. godine te ga kao takvo klub nosi do danas, uz kratkotrajni naziv&hellip;&nbsp;<a href=\"https:\/\/qtour.org\/de\/ima-jedan-granicar-boja-mu-je-plava\/granicar-izmedu-dva-svjetska-rata-i-u-vrijeme-drugog-svjetskog-rata\/\" class=\"\" rel=\"bookmark\">Read More &raquo;<span class=\"screen-reader-text\">Granicar izme\u0111u dva svjetska rata i u vrijeme drugog svjetskog rata<\/span><\/a><\/p>\n","protected":false},"author":1,"featured_media":6659,"parent":5856,"menu_order":0,"comment_status":"closed","ping_status":"closed","template":"elementor_header_footer","meta":{"footnotes":""},"tags":[],"folder":[9],"class_list":["post-6257","page","type-page","status-publish","has-post-thumbnail","hentry"],"_links":{"self":[{"href":"https:\/\/qtour.org\/de\/wp-json\/wp\/v2\/pages\/6257","targetHints":{"allow":["GET"]}}],"collection":[{"href":"https:\/\/qtour.org\/de\/wp-json\/wp\/v2\/pages"}],"about":[{"href":"https:\/\/qtour.org\/de\/wp-json\/wp\/v2\/types\/page"}],"author":[{"embeddable":true,"href":"https:\/\/qtour.org\/de\/wp-json\/wp\/v2\/users\/1"}],"replies":[{"embeddable":true,"href":"https:\/\/qtour.org\/de\/wp-json\/wp\/v2\/comments?post=6257"}],"version-history":[{"count":0,"href":"https:\/\/qtour.org\/de\/wp-json\/wp\/v2\/pages\/6257\/revisions"}],"up":[{"embeddable":true,"href":"https:\/\/qtour.org\/de\/wp-json\/wp\/v2\/pages\/5856"}],"wp:featuredmedia":[{"embeddable":true,"href":"https:\/\/qtour.org\/de\/wp-json\/wp\/v2\/media\/6659"}],"wp:attachment":[{"href":"https:\/\/qtour.org\/de\/wp-json\/wp\/v2\/media?parent=6257"}],"wp:term":[{"taxonomy":"post_tag","embeddable":true,"href":"https:\/\/qtour.org\/de\/wp-json\/wp\/v2\/tags?post=6257"},{"taxonomy":"folder","embeddable":true,"href":"https:\/\/qtour.org\/de\/wp-json\/wp\/v2\/folder?post=6257"}],"curies":[{"name":"wp","href":"https:\/\/api.w.org\/{rel}","templated":true}]}}

Granicar između dva svjetska rata i u vrijeme drugog svjetskog rata

<div data-elementor-type="wp-page" data-elementor-id="6257" class="elementor elementor-6257">
						<section class="elementor-section elementor-top-section elementor-element elementor-element-cdc55fe animated-fast elementor-section-content-top elementor-section-boxed elementor-section-height-default elementor-section-height-default elementor-invisible" data-id="cdc55fe" data-element_type="section" data-settings="{&quot;background_background&quot;:&quot;classic&quot;,&quot;animation&quot;:&quot;slideInRight&quot;,&quot;animation_tablet&quot;:&quot;slideInRight&quot;,&quot;animation_mobile&quot;:&quot;slideInRight&quot;}">
							<div class="elementor-background-overlay"></div>
							<div class="elementor-container elementor-column-gap-no">
					<div class="elementor-column elementor-col-100 elementor-top-column elementor-element elementor-element-5dacfee" data-id="5dacfee" data-element_type="column" data-settings="{&quot;background_background&quot;:&quot;classic&quot;}">
			<div class="elementor-widget-wrap elementor-element-populated">
						<div class="elementor-element elementor-element-cb7ecab elementor-widget elementor-widget-heading" data-id="cb7ecab" data-element_type="widget" data-widget_type="heading.default">
				<div class="elementor-widget-container">
					<h2 class="elementor-heading-title elementor-size-default">Graničar između dva svjetska rata i u vrijeme Drugog svjetskog rata</h2>				</div>
				</div>
				<div class="elementor-element elementor-element-0ba80d4 elementor-align-left elementor-button-danger elementor-widget elementor-widget-button" data-id="0ba80d4" data-element_type="widget" data-widget_type="button.default">
				<div class="elementor-widget-container">
									<div class="elementor-button-wrapper">
					<a class="elementor-button elementor-button-link elementor-size-sm" href="https://qtour.org/ima-jedan-granicar-boja-mu-je-plava/#pocetna-4">
						<span class="elementor-button-content-wrapper">
									<span class="elementor-button-text">< Vrati na sadržaj</span>
					</span>
					</a>
				</div>
								</div>
				</div>
				<section class="elementor-section elementor-inner-section elementor-element elementor-element-82cc696 elementor-section-full_width elementor-section-height-default elementor-section-height-default" data-id="82cc696" data-element_type="section">
						<div class="elementor-container elementor-column-gap-default">
					<div class="elementor-column elementor-col-100 elementor-inner-column elementor-element elementor-element-b4aaa79" data-id="b4aaa79" data-element_type="column" data-settings="{&quot;background_background&quot;:&quot;classic&quot;}">
			<div class="elementor-widget-wrap elementor-element-populated">
						<div class="elementor-element elementor-element-7636b08 elementor-widget elementor-widget-text-editor" data-id="7636b08" data-element_type="widget" data-widget_type="text-editor.default">
				<div class="elementor-widget-container">
									<p>Zbog loše organizacije i neredovitih treninga dio članstva Graničara nakratko je od <strong>1922. godine </strong>reorganizirao i preimenovao klub u <strong>HŠK „Jadran</strong>“, no izvorno ime „Graničar“ vraćeno je 1926. godine te ga kao takvo klub nosi do danas, uz kratkotrajni naziv „<strong>Croatia“</strong> od 1936. do 1939. godine. Godine 1926. klub se učlanio u <strong>Nogometni podsavez</strong>.</p><p>Utakmice su se igrale na <em>žandarskoj bašči</em> i <em>vašarištu </em>(Batarilović, 2005: 58).</p><p>Plava boja dresova u više je navrata isticana kao klupska boja već u tim prvim godinama djelovanja.</p><p>Godine <strong>1927</strong>. Graničar broji 70 članova. Te je godine održao 12 utakmica i postao član <strong>Osječkog podsaveza</strong>. Ta se godina smatra jednom od plodnijih u tom prvom razdoblju Graničara, jer je klub djelovao i na kulturno-društvenom planu. S Osječkim podsavezom klub je dolazio u razmirice oko podmirivanja dugovanja i članstva, što dovodi do povremenih zastoja u radu kluba.</p><p>Godina <strong>1934.</strong> bila je važna za klub jer <strong>dobiva klupske prostorije s tribinama</strong> te je djelomično uredio igralište na „vašarištu“. Klub se uspješno natjecao s klubovima iz Vinkovaca i Orašja sve do početka Drugog svjetskog rata.</p><p>Godine 1<strong>937</strong>. u Graničaru su dodijeljene plakete zaslužnim djelatnicima za dugogodišnji rad na području nogometa i kluba, a autor plaketa bio je poznati kipar <strong>Rudolf Švagel-Lešić. </strong></p><p>U razdoblju između dva svjetska rata u okviru Graničara postojale su različite sekcije poput hazene, kazališne i glazbene sekcije, u koje su se uključili brojni mladi Županjci i koje su organiziranjem različitih društvenih događaja, poput plesova i priredbi, utjecale na društveni život grada i financijski potpomagale klub.</p><p>Kako navodi Đuka Verner, hazene su prestale s radom jer je kritika javnosti bila uperena protiv njih jer nije bilo uobičajeno da se djevojke bave takvom vrstom sporta, pa su održane samo tri utakmice te skupine.</p><p>Zanimljivi su bili i izbori ljepote na zabavama Graničara. Iz novinskih članaka može se doznati da je 1940. godine titulu „miss“ ponijela Marica Vrban, kasnije Blumenšajn, poznata u Županji kao ugledna „Marica pekarica“.</p><p>Od 1942. godine zbog ratnog djelovanja prestale su sve aktivnosti sportskih klubova, pa i Graničara.</p>								</div>
				</div>
					</div>
		</div>
					</div>
		</section>
				<section class="elementor-section elementor-inner-section elementor-element elementor-element-2324487 elementor-section-full_width elementor-section-height-default elementor-section-height-default" data-id="2324487" data-element_type="section">
						<div class="elementor-container elementor-column-gap-default">
					<div class="elementor-column elementor-col-50 elementor-inner-column elementor-element elementor-element-0d622d2" data-id="0d622d2" data-element_type="column" data-settings="{&quot;background_background&quot;:&quot;classic&quot;}">
			<div class="elementor-widget-wrap elementor-element-populated">
						<div class="elementor-element elementor-element-996c816 elementor-align-center elementor-widget elementor-widget-button" data-id="996c816" data-element_type="widget" data-widget_type="button.default">
				<div class="elementor-widget-container">
									<div class="elementor-button-wrapper">
					<a class="elementor-button elementor-button-link elementor-size-sm" href="https://qtour.org/ima-jedan-granicar-boja-mu-je-plava/#pocetna-8">
						<span class="elementor-button-content-wrapper">
									<span class="elementor-button-text">Natrag</span>
					</span>
					</a>
				</div>
								</div>
				</div>
					</div>
		</div>
				<div class="elementor-column elementor-col-50 elementor-inner-column elementor-element elementor-element-73ec4bc" data-id="73ec4bc" data-element_type="column" data-settings="{&quot;background_background&quot;:&quot;classic&quot;}">
			<div class="elementor-widget-wrap elementor-element-populated">
						<div class="elementor-element elementor-element-57a1177 elementor-align-center elementor-widget elementor-widget-button" data-id="57a1177" data-element_type="widget" data-widget_type="button.default">
				<div class="elementor-widget-container">
									<div class="elementor-button-wrapper">
					<a class="elementor-button elementor-button-link elementor-size-sm" href="https://qtour.org/ima-jedan-granicar-boja-mu-je-plava/#pocetna-4">
						<span class="elementor-button-content-wrapper">
									<span class="elementor-button-text">Vrati na sadržaj</span>
					</span>
					</a>
				</div>
								</div>
				</div>
					</div>
		</div>
					</div>
		</section>
					</div>
		</div>
					</div>
		</section>
				</div>

<p>Graničar između dva svjetska rata i u vrijeme Drugog svjetskog rata < Vrati na sadržaj Zbog loše organizacije i neredovitih treninga dio članstva Graničara nakratko je od 1922. godine reorganizirao i preimenovao klub u HŠK „Jadran“, no izvorno ime „Graničar“ vraćeno je 1926. godine te ga kao takvo klub nosi do danas, uz kratkotrajni naziv&hellip;&nbsp;<a href="https://qtour.org/de/ima-jedan-granicar-boja-mu-je-plava/granicar-izmedu-dva-svjetska-rata-i-u-vrijeme-drugog-svjetskog-rata/" class="" rel="bookmark">Read More &raquo;<span class="screen-reader-text">Granicar između dva svjetska rata i u vrijeme drugog svjetskog rata</span></a></p>
